23
Let z be (26 - 23) + (347 - 0). Suppose -344*c - 150 = -z*c. Calculate the remainder when 374/8 - 2/(-8) is divided by c.
22
Suppose -3*o + 40 = 2*k, 6*k - 7*k = -5*o + 71. What is the remainder when 2753 is divided by o?
9
Suppose -38*j = -41*j - 4*y + 943, 0 = 2*j - 3*y - 640. Let n = 343 - j. Calculate the remainder when 181 is divided by n.
25
Suppose 4*h + 14*x = 13*x - 1263, 3*h - x = -956. Let n = 699 + h. What is the remainder when n is divided by 98?
88
Let f(k) = 12*k**2 + 54*k - 290. What is the remainder when 3079 is divided by f(5)?
279
Let v(r) = r + 5. What is the remainder when v(5) is divided by 4/(10/(29 - 9))?
2
Let f(o) = 8*o**2 + 4*o - 159. What is the remainder when f(-8) is divided by 14?
13
Suppose -13*s - 8 = -17*s. Suppose -2*p + 85 = s*h - h, -5*h - 149 = -4*p. What is the remainder when p is divided by 24?
17
Let a be (-3)/(-2)*6 - 114/38. What is the remainder when 133 is divided by (4704/9)/14 + (-8)/a?
25
Suppose -46395 = -342*h + 71937. What is the remainder when h is divided by 151?
44
Suppose -15*w = -20*w + 505. Let v = 40 - -96. Suppose -5*b - x + 134 = -2*x, 5*b = -x + v. Calculate the remainder when w is divided by b.
20
Let j(l) = 12*l + 6. Suppose -56*x = 11*x - 14271. Calculate the remainder when x is divided by j(4).
51
Suppose -4 = -2*r, 3*r = -4*z + 8*r + 290. Let i = 9 - -20. Calculate the remainder when -1 + (z + 8)/((-1)/(-1)) is divided by i.
24
Suppose -242*b + 360 = -227*b. Let c = 675 - 460. Calculate the remainder when c is divided by b.
23
Let t(z) = 216*z**2 - 198*z - 10. Let a be (-4)/(-14) + 2/(-7). Calculate the remainder when -21*(a + 1 + -2) is divided by t(1).
5
Let f = 26442 - 26342. What is the remainder when f is divided by 5?
0
Suppose -4*p + 34 = i, 49 - 7 = 5*p + i. Let f(m) = 5 + 6 + 3 + 1 + 4*m. What is the remainder when f(8) is divided by p?
7
Suppose 6*a = 4*a + 34. Suppose 117*r - 4*r - 36 = 416. Calculate the remainder when a is divided by r.
1
What is the remainder when 2679 is divided by (-3)/9*-9 - -3?
3
Let z(x) = -x + 31. Let a = -296 + 306. What is the remainder when z(a) is divided by 4?
1
Let p = 53 - -35. Let y be 1/(1/64*4). Suppose -13*m = -y*m + 69. What is the remainder when p is divided by m?
19
Let q be (7/(-4))/(((-42)/(-136))/(-21)). Suppose -3*h - q = -5*h - 5*u, -5*h + 245 = 2*u. Calculate the remainder when h is divided by 18.
11
Let t(u) = -u**3 - 7*u**2 - 5*u - 3. Let r be t(-4). Let v be (-8)/((2 + -3)/8). Let f = v + r. What is the remainder when 130 is divided by f?
31
Let c(i) = -i**3 + 2*i**2 + 10*i - 8. Let r be c(4). Suppose -38*d + 5*f = -33*d - 180, r = -5*f. Calculate the remainder when d is divided by 22.
14
Let p be (0 - -4)/(-4)*0. Suppose -3*v = -9, p = -2*n + 5*v - 4*v + 319. Suppose 0 = 8*w - n + 57. Calculate the remainder when 23 is divided by w.
10
What is the remainder when 23712 is divided by (-30)/(-8)*25420/1025?
90
What is the remainder when 614 is divided by 28*(-11 + 23)/12?
26
Let q(n) be the first derivative of n**3 - 3*n**2 - 20*n - 135. What is the remainder when 65 is divided by q(-3)?
15
Suppose -a + 2 = 4*d - 518, -2*d = 3*a - 1520. Calculate the remainder when a is divided by 13.
10
Suppose 5*p = -3*p + 4*p. Suppose -2*f - w - 87 = p, -2*f + 2*w + 130 = -5*f. Let h = f + 46. What is the remainder when 9 is divided by h?
1
Suppose 2*x + 4*s - 3*s - 1539 = 0, -2*s - 762 = -x. What is the remainder when x is divided by 70?
68
Let r(t) = -t**2 - 52*t - 278. Let i be r(-47). Let o = 158 + -99. Let d = i + o. Calculate the remainder when 63 is divided by d.
15
Let r(a) = 12*a**2 + 65*a - 290. What is the remainder when r(5) is divided by 48?
47
Suppose -5*r - 4*y + 298 = -0*y, r - 64 = -3*y. Let u = r - 30. Suppose 0 = -3*o - o + u. What is the remainder when 20 is divided by o?
6
Suppose 53*x + 4*v = 49*x + 44, -2*v = 3*x - 39. What is the remainder when 2291 is divided by x?
13
Let y = 996 - 716. Suppose 5*q - 212 = 6*c - 8*c, -y = -3*c + 2*q. Suppose m + 2*m - 42 = 0. What is the remainder when c is divided by m?
12
Suppose -f + 46 = -23*b + 20*b, -2*b = 2. What is the remainder when 440 is divided by f?
10
What is the remainder when 1055 is divided by (7 - 3)/(((-396)/(-1071))/11)?
103
Suppose -1518 = -3*a + 4*i, -2*i - 511 = -a + i. What is the remainder when a is divided by 233?
36
What is the remainder when ((-1953)/(-186))/((-2)/704*12/(-2)) is divided by 306?
4
Suppose 4*s - k - 118 = -12, -s = -2*k - 30. Suppose 12 = 2*i - z - 12, -i = 3*z - s. Suppose u + 21 = 8*u. Calculate the remainder when i is divided by u.
2
Let z(g) be the first derivative of -2*g**2 - 37*g - 28. Let x = 108 - 74. What is the remainder when x is divided by z(-11)?
6
Let j(c) = 3*c**3 + 3*c**2 - 3*c - 2. Suppose 0 = 8*p - 5*p + 6. What is the remainder when j(3) is divided by ((-20)/50)/(p/85)?
12
Let c(b) = 2*b - 8. Let g be c(3). Let n be 10/g*435/(-75). Let x = n + -17. Calculate the remainder when 23 is divided by x.
11
Suppose -4*f + 17 + 18 = 5*u, -5*f = -2*u - 19. Suppose 5*b - 55 = -4*x - f, 3*b = 6. Suppose -x = -3*g + 38. Calculate the remainder when 47 is divided by g.
15
Let a(x) = 12*x + 20. Let b(r) = -13*r - 20. Let m(o) = 5*a(o) + 4*b(o). Let v be m(7). Let c = 83 - v. Calculate the remainder when 18 is divided by c.
4
Suppose 0 = 20*v + 514 + 466. Let w = 82 + v. Calculate the remainder when 121 is divided by w.
22
Let c = 3856 + -3695. What is the remainder when c is divided by 27?
26
Let z = -2838 + 3110. Calculate the remainder when z is divided by 60.
32
Suppose -6*z + 2*z - 8 = 0, r = -5*z + 151. Suppose 11*h - 16*h = -165. What is the remainder when r is divided by h?
29
Suppose 0 = -a - 5*z + 8, 5*a - 20 = -5*z - 0*z. Let p = a - -11. Suppose -1275 = -5*u - 1250. What is the remainder when p is divided by u?
4
What is the remainder when (-1)/(1/(-330)) + 19 + -57 + 37 is divided by 145?
39
Suppose 228 = -12*s + 888. Calculate the remainder when 2087 is divided by s.
52
Suppose 31*u + 19528 = 43*u - 116. What is the remainder when u is divided by 25?
12
Suppose 4*q - 3*c = 1208, -20 = -50*c + 45*c. What is the remainder when q is divided by 123?
59
Suppose 39 = 3*q + 234. Let a = q + 67. Suppose -9 = -3*l + 4*y, a*l + 6 = 4*l + 5*y. What is the remainder when 12 is divided by l?
0
Suppose -3*a + 4*z = 2*z - 1392, -2*z = 4*a - 1870. Calculate the remainder when 1407 is divided by a.
9
Suppose 8218*u - 123 - 108 = 8197*u. What is the remainder when 3453 is divided by u?
10
What is the remainder when 1384 is divided by (323/(-34))/(-19)*22?
9
Let i(y) = 7*y**2 + 8*y + 10. Let t be i(-4). Let k = t + -86. Calculate the remainder when 36/(-72) - ((-70)/k + -1) is divided by 5.
3
Let h = 6 - 18. Let u = h - -30. Let g(y) = -y**2 + 120*y - 3338. What is the remainder when g(49) is divided by u?
15
Suppose 502 = -9*x + 3211. Let b = x - 287. Calculate the remainder when b is divided by 5.
4
Let q(z) = 3*z**2 + 56*z - 1134. What is the remainder when q(57) is divided by 164?
161
Let o be (6/(-9) + 0)/(36/3294). Calculate the remainder when (2 - o) + (-28)/7 is divided by 22.
15
Let u = -381 - -381. What is the remainder when 6 + 50 - (u + 4) is divided by 18?
16
Suppose -2220 = 95*y - 33665. What is the remainder when 2966 is divided by y?
318
Suppose 339 - 71 = -d - 4*g, 2*g + 560 = -2*d. Let m = 370 + d. Calculate the remainder when m is divided by 46.
40
Suppose 60*i - 96263 - 114532 = -9*i. Calculate the remainder when i is divided by 133.
129
Let h = 178 + -169. Let d(b) = b**3 - b**2 - 1. Let p be d(2). Suppose -h*q - p = -10*q. What is the remainder when 4 is divided by q?
1
Suppose -2*d + 2*t = -36324, -23*d + 19*d + 5*t + 72644 = 0. Calculate the remainder when d is divided by 12.
10
Let g(l) = 20*l - 11. Let a be g(1). Suppose -a*b = -4*b - 4*p - 785, b + p = 166. What is the remainder when b is divided by 11?
7
Let z = 258 + -227. Suppose 42*r - 583 = z*r. Calculate the remainder when 158 is divided by r.
52
Let d = 8158 + -8145. Calculate the remainder when 545 is divided by d.
12
Calculate the remainder when 1188/2*2 - 9/9 is divided by 7.
4
Let v(b) = -2*b**2 - 62*b - 324. Calculate the remainder when v(-22) is divided by (22/(-33))/((-2)/123).
31
Let k(a) = 2*a**2 - 16*a - 16. Let z be k(9). Suppose z*n